{"id":67,"date":"2025-10-04T18:57:38","date_gmt":"2025-10-04T15:57:38","guid":{"rendered":"https:\/\/creatrisdesign.com\/web-site-hizmetleri\/kutay-hotel-yozgat\/?page_id=67"},"modified":"2025-10-05T03:26:23","modified_gmt":"2025-10-05T00:26:23","slug":"hizmetlerimiz","status":"publish","type":"page","link":"https:\/\/creatrisdesign.com\/web-site-hizmetleri\/kutay-hotel-yozgat\/hizmetlerimiz\/","title":{"rendered":"H\u0130ZMETLER\u0130M\u0130Z"},"content":{"rendered":"\n<p>ODA SERV\u0130S\u0130<\/p>\n\n\n\n<p>RESTAURANT<\/p>\n\n\n<div class=\"pgc-sgb-cb wp-block-pgcsimplygalleryblock-slider \" data-gallery-id=\"7cc45737\"style=&quot;min-height:400px&quot;><div class=\"sgb-preloader\" id=\"pr_7cc45737\">\n\t<div class=\"sgb-square\" style=\"background:#d4d4d4\"><\/div>\n\t<div class=\"sgb-square\" style=\"background:#d4d4d4\"><\/div>\n\t<div class=\"sgb-square\" style=\"background:#d4d4d4\"><\/div>\n\t<div class=\"sgb-square\" style=\"background:#d4d4d4\"><\/div><\/div><div class=\"simply-gallery-amp pgc_sgb_slider \" style=\"display: none;\"><div class=\"sgb-gallery\"><div class=\"sgb-item\"><a href=\"https:\/\/creatrisdesign.com\/web-site-hizmetleri\/kutay-hotel-yozgat\/kutay-hotel-bogazliyan-yozgat-3\/\" target=\"_blank\"><img decoding=\"async\" alt=\"kutay-hotel-bogazliyan-yozgat\" width=\"300\" height=\"225\" loading=\"lazy\" src=\"https:\/\/creatrisdesign.com\/web-site-hizmetleri\/kutay-hotel-yozgat\/wp-content\/uploads\/2025\/10\/kutay-hotel-bogazliyan-yozgat-3-300x225.jpg\" srcset=\"https:\/\/creatrisdesign.com\/web-site-hizmetleri\/kutay-hotel-yozgat\/wp-content\/uploads\/2025\/10\/kutay-hotel-bogazliyan-yozgat-3-300x225.jpg 300w,https:\/\/creatrisdesign.com\/web-site-hizmetleri\/kutay-hotel-yozgat\/wp-content\/uploads\/2025\/10\/kutay-hotel-bogazliyan-yozgat-3.jpg 1024w\" sizes=\"auto, 250px\"\/><\/a><\/div><div class=\"sgb-item\"><a href=\"https:\/\/creatrisdesign.com\/web-site-hizmetleri\/kutay-hotel-yozgat\/kutay-hotel-bogazliyan-yozgat-4\/\" target=\"_blank\"><img decoding=\"async\" alt=\"kutay-hotel-bogazliyan-yozgat\" width=\"300\" height=\"225\" loading=\"lazy\" src=\"https:\/\/creatrisdesign.com\/web-site-hizmetleri\/kutay-hotel-yozgat\/wp-content\/uploads\/2025\/10\/kutay-hotel-bogazliyan-yozgat-4-300x225.jpg\" srcset=\"https:\/\/creatrisdesign.com\/web-site-hizmetleri\/kutay-hotel-yozgat\/wp-content\/uploads\/2025\/10\/kutay-hotel-bogazliyan-yozgat-4-300x225.jpg 300w,https:\/\/creatrisdesign.com\/web-site-hizmetleri\/kutay-hotel-yozgat\/wp-content\/uploads\/2025\/10\/kutay-hotel-bogazliyan-yozgat-4.jpg 1024w\" sizes=\"auto, 250px\"\/><\/a><\/div><div class=\"sgb-item\"><a href=\"https:\/\/creatrisdesign.com\/web-site-hizmetleri\/kutay-hotel-yozgat\/kutay-hotel-bogazliyan-yozgat-5\/\" target=\"_blank\"><img decoding=\"async\" alt=\"kutay-hotel-bogazliyan-yozgat\" width=\"300\" height=\"225\" loading=\"lazy\" src=\"https:\/\/creatrisdesign.com\/web-site-hizmetleri\/kutay-hotel-yozgat\/wp-content\/uploads\/2025\/10\/kutay-hotel-bogazliyan-yozgat-5-300x225.jpg\" srcset=\"https:\/\/creatrisdesign.com\/web-site-hizmetleri\/kutay-hotel-yozgat\/wp-content\/uploads\/2025\/10\/kutay-hotel-bogazliyan-yozgat-5-300x225.jpg 300w,https:\/\/creatrisdesign.com\/web-site-hizmetleri\/kutay-hotel-yozgat\/wp-content\/uploads\/2025\/10\/kutay-hotel-bogazliyan-yozgat-5.jpg 1024w\" sizes=\"auto, 250px\"\/><\/a><\/div><div class=\"sgb-item\"><a href=\"https:\/\/creatrisdesign.com\/web-site-hizmetleri\/kutay-hotel-yozgat\/kutay-hotel-bogazliyan-yozgat-6\/\" target=\"_blank\"><img decoding=\"async\" alt=\"kutay-hotel-bogazliyan-yozgat\" width=\"300\" height=\"300\" loading=\"lazy\" src=\"https:\/\/creatrisdesign.com\/web-site-hizmetleri\/kutay-hotel-yozgat\/wp-content\/uploads\/2025\/10\/kutay-hotel-bogazliyan-yozgat-6-300x300.jpg\" srcset=\"https:\/\/creatrisdesign.com\/web-site-hizmetleri\/kutay-hotel-yozgat\/wp-content\/uploads\/2025\/10\/kutay-hotel-bogazliyan-yozgat-6-300x300.jpg 300w,https:\/\/creatrisdesign.com\/web-site-hizmetleri\/kutay-hotel-yozgat\/wp-content\/uploads\/2025\/10\/kutay-hotel-bogazliyan-yozgat-6.jpg 700w\" sizes=\"auto, 250px\"\/><\/a><\/div><div class=\"sgb-item\"><a href=\"https:\/\/creatrisdesign.com\/web-site-hizmetleri\/kutay-hotel-yozgat\/kutay-hotel-bogazliyan-yozgat-7\/\" target=\"_blank\"><img decoding=\"async\" alt=\"kutay-hotel-bogazliyan-yozgat\" width=\"300\" height=\"225\" loading=\"lazy\" src=\"https:\/\/creatrisdesign.com\/web-site-hizmetleri\/kutay-hotel-yozgat\/wp-content\/uploads\/2025\/10\/kutay-hotel-bogazliyan-yozgat-7-300x225.jpg\" srcset=\"https:\/\/creatrisdesign.com\/web-site-hizmetleri\/kutay-hotel-yozgat\/wp-content\/uploads\/2025\/10\/kutay-hotel-bogazliyan-yozgat-7-300x225.jpg 300w,https:\/\/creatrisdesign.com\/web-site-hizmetleri\/kutay-hotel-yozgat\/wp-content\/uploads\/2025\/10\/kutay-hotel-bogazliyan-yozgat-7.jpg 1024w\" sizes=\"auto, 250px\"\/><\/a><\/div><div class=\"sgb-item\"><a href=\"https:\/\/creatrisdesign.com\/web-site-hizmetleri\/kutay-hotel-yozgat\/kutay-hotel-bogazliyan-yozgat-8\/\" target=\"_blank\"><img decoding=\"async\" alt=\"kutay-hotel-bogazliyan-yozgat\" width=\"300\" height=\"225\" loading=\"lazy\" src=\"https:\/\/creatrisdesign.com\/web-site-hizmetleri\/kutay-hotel-yozgat\/wp-content\/uploads\/2025\/10\/kutay-hotel-bogazliyan-yozgat-8-300x225.jpg\" srcset=\"https:\/\/creatrisdesign.com\/web-site-hizmetleri\/kutay-hotel-yozgat\/wp-content\/uploads\/2025\/10\/kutay-hotel-bogazliyan-yozgat-8-300x225.jpg 300w,https:\/\/creatrisdesign.com\/web-site-hizmetleri\/kutay-hotel-yozgat\/wp-content\/uploads\/2025\/10\/kutay-hotel-bogazliyan-yozgat-8.jpg 1024w\" sizes=\"auto, 250px\"\/><\/a><\/div><div class=\"sgb-item\"><a href=\"https:\/\/creatrisdesign.com\/web-site-hizmetleri\/kutay-hotel-yozgat\/kutay-hotel-bogazliyan-yozgat-9\/\" target=\"_blank\"><img decoding=\"async\" alt=\"kutay-hotel-bogazliyan-yozgat\" width=\"300\" height=\"171\" loading=\"lazy\" src=\"https:\/\/creatrisdesign.com\/web-site-hizmetleri\/kutay-hotel-yozgat\/wp-content\/uploads\/2025\/10\/kutay-hotel-bogazliyan-yozgat-9-300x171.jpg\" srcset=\"https:\/\/creatrisdesign.com\/web-site-hizmetleri\/kutay-hotel-yozgat\/wp-content\/uploads\/2025\/10\/kutay-hotel-bogazliyan-yozgat-9-300x171.jpg 300w,https:\/\/creatrisdesign.com\/web-site-hizmetleri\/kutay-hotel-yozgat\/wp-content\/uploads\/2025\/10\/kutay-hotel-bogazliyan-yozgat-9-1024x585.jpg 1024w,https:\/\/creatrisdesign.com\/web-site-hizmetleri\/kutay-hotel-yozgat\/wp-content\/uploads\/2025\/10\/kutay-hotel-bogazliyan-yozgat-9.jpg 1400w\" sizes=\"auto, 250px\"\/><\/a><\/div><div class=\"sgb-item\"><a href=\"https:\/\/creatrisdesign.com\/web-site-hizmetleri\/kutay-hotel-yozgat\/kutay-hotel-bogazliyan-yozgat-10\/\" target=\"_blank\"><img decoding=\"async\" alt=\"kutay-hotel-bogazliyan-yozgat\" width=\"300\" height=\"225\" loading=\"lazy\" src=\"https:\/\/creatrisdesign.com\/web-site-hizmetleri\/kutay-hotel-yozgat\/wp-content\/uploads\/2025\/10\/kutay-hotel-bogazliyan-yozgat-10-300x225.jpg\" srcset=\"https:\/\/creatrisdesign.com\/web-site-hizmetleri\/kutay-hotel-yozgat\/wp-content\/uploads\/2025\/10\/kutay-hotel-bogazliyan-yozgat-10-300x225.jpg 300w,https:\/\/creatrisdesign.com\/web-site-hizmetleri\/kutay-hotel-yozgat\/wp-content\/uploads\/2025\/10\/kutay-hotel-bogazliyan-yozgat-10.jpg 1024w\" sizes=\"auto, 250px\"\/><\/a><\/div><\/div><\/div><script type=\"application\/json\" class=\"sgb-data\">{\"captions\":false,\"captionHAlign\":\"bottom\",\"sliderAdminWidth\":840,\"galleryType\":\"pgc_sgb_slider\",\"galleryId\":\"7cc45737\",\"images\":[{\"id\":11,\"title\":\"KUTAY HOTEL \\u0026amp; Bo\u011fazl\u0131yan\/Yozgat\",\"url\":\"https:\/\/creatrisdesign.com\/web-site-hizmetleri\/kutay-hotel-yozgat\/wp-content\/uploads\/2025\/10\/kutay-hotel-bogazliyan-yozgat-3.jpg\",\"link\":\"https:\/\/creatrisdesign.com\/web-site-hizmetleri\/kutay-hotel-yozgat\/kutay-hotel-bogazliyan-yozgat-3\/\",\"alt\":\"kutay-hotel-bogazliyan-yozgat\",\"description\":\"\",\"caption\":\"\",\"mime\":\"image\/jpeg\",\"type\":\"image\",\"width\":1024,\"height\":768,\"sizes\":{\"thumbnail\":{\"height\":150,\"width\":150,\"url\":\"https:\/\/creatrisdesign.com\/web-site-hizmetleri\/kutay-hotel-yozgat\/wp-content\/uploads\/2025\/10\/kutay-hotel-bogazliyan-yozgat-3-150x150.jpg\",\"orientation\":\"landscape\"},\"medium\":{\"height\":225,\"width\":300,\"url\":\"https:\/\/creatrisdesign.com\/web-site-hizmetleri\/kutay-hotel-yozgat\/wp-content\/uploads\/2025\/10\/kutay-hotel-bogazliyan-yozgat-3-300x225.jpg\",\"orientation\":\"landscape\"},\"full\":{\"url\":\"https:\/\/creatrisdesign.com\/web-site-hizmetleri\/kutay-hotel-yozgat\/wp-content\/uploads\/2025\/10\/kutay-hotel-bogazliyan-yozgat-3.jpg\",\"height\":768,\"width\":1024,\"orientation\":\"landscape\"}},\"imageMeta\":{\"aperture\":\"0\",\"credit\":\"\",\"camera\":\"\",\"caption\":\"\",\"created_timestamp\":\"0\",\"copyright\":\"\",\"focal_length\":\"0\",\"iso\":\"0\",\"shutter_speed\":\"0\",\"title\":\"\",\"orientation\":\"1\",\"keywords\":[]},\"meta\":false,\"postlink\":\"https:\/\/creatrisdesign.com\/web-site-hizmetleri\/kutay-hotel-yozgat\/kutay-hotel-bogazliyan-yozgat-3\/\"},{\"id\":12,\"title\":\"KUTAY HOTEL \\u0026amp; Bo\u011fazl\u0131yan\/Yozgat\",\"url\":\"https:\/\/creatrisdesign.com\/web-site-hizmetleri\/kutay-hotel-yozgat\/wp-content\/uploads\/2025\/10\/kutay-hotel-bogazliyan-yozgat-4.jpg\",\"link\":\"https:\/\/creatrisdesign.com\/web-site-hizmetleri\/kutay-hotel-yozgat\/kutay-hotel-bogazliyan-yozgat-4\/\",\"alt\":\"kutay-hotel-bogazliyan-yozgat\",\"description\":\"\",\"caption\":\"\",\"mime\":\"image\/jpeg\",\"type\":\"image\",\"width\":1024,\"height\":768,\"sizes\":{\"thumbnail\":{\"height\":150,\"width\":150,\"url\":\"https:\/\/creatrisdesign.com\/web-site-hizmetleri\/kutay-hotel-yozgat\/wp-content\/uploads\/2025\/10\/kutay-hotel-bogazliyan-yozgat-4-150x150.jpg\",\"orientation\":\"landscape\"},\"medium\":{\"height\":225,\"width\":300,\"url\":\"https:\/\/creatrisdesign.com\/web-site-hizmetleri\/kutay-hotel-yozgat\/wp-content\/uploads\/2025\/10\/kutay-hotel-bogazliyan-yozgat-4-300x225.jpg\",\"orientation\":\"landscape\"},\"full\":{\"url\":\"https:\/\/creatrisdesign.com\/web-site-hizmetleri\/kutay-hotel-yozgat\/wp-content\/uploads\/2025\/10\/kutay-hotel-bogazliyan-yozgat-4.jpg\",\"height\":768,\"width\":1024,\"orientation\":\"landscape\"}},\"imageMeta\":{\"aperture\":\"0\",\"credit\":\"\",\"camera\":\"\",\"caption\":\"\",\"created_timestamp\":\"0\",\"copyright\":\"\",\"focal_length\":\"0\",\"iso\":\"0\",\"shutter_speed\":\"0\",\"title\":\"\",\"orientation\":\"1\",\"keywords\":[]},\"meta\":false,\"postlink\":\"https:\/\/creatrisdesign.com\/web-site-hizmetleri\/kutay-hotel-yozgat\/kutay-hotel-bogazliyan-yozgat-4\/\"},{\"id\":13,\"title\":\"KUTAY HOTEL \\u0026amp; Bo\u011fazl\u0131yan\/Yozgat\",\"url\":\"https:\/\/creatrisdesign.com\/web-site-hizmetleri\/kutay-hotel-yozgat\/wp-content\/uploads\/2025\/10\/kutay-hotel-bogazliyan-yozgat-5.jpg\",\"link\":\"https:\/\/creatrisdesign.com\/web-site-hizmetleri\/kutay-hotel-yozgat\/kutay-hotel-bogazliyan-yozgat-5\/\",\"alt\":\"kutay-hotel-bogazliyan-yozgat\",\"description\":\"\",\"caption\":\"\",\"mime\":\"image\/jpeg\",\"type\":\"image\",\"width\":1024,\"height\":768,\"sizes\":{\"thumbnail\":{\"height\":150,\"width\":150,\"url\":\"https:\/\/creatrisdesign.com\/web-site-hizmetleri\/kutay-hotel-yozgat\/wp-content\/uploads\/2025\/10\/kutay-hotel-bogazliyan-yozgat-5-150x150.jpg\",\"orientation\":\"landscape\"},\"medium\":{\"height\":225,\"width\":300,\"url\":\"https:\/\/creatrisdesign.com\/web-site-hizmetleri\/kutay-hotel-yozgat\/wp-content\/uploads\/2025\/10\/kutay-hotel-bogazliyan-yozgat-5-300x225.jpg\",\"orientation\":\"landscape\"},\"full\":{\"url\":\"https:\/\/creatrisdesign.com\/web-site-hizmetleri\/kutay-hotel-yozgat\/wp-content\/uploads\/2025\/10\/kutay-hotel-bogazliyan-yozgat-5.jpg\",\"height\":768,\"width\":1024,\"orientation\":\"landscape\"}},\"imageMeta\":{\"aperture\":\"0\",\"credit\":\"\",\"camera\":\"\",\"caption\":\"\",\"created_timestamp\":\"0\",\"copyright\":\"\",\"focal_length\":\"0\",\"iso\":\"0\",\"shutter_speed\":\"0\",\"title\":\"\",\"orientation\":\"1\",\"keywords\":[]},\"meta\":false,\"postlink\":\"https:\/\/creatrisdesign.com\/web-site-hizmetleri\/kutay-hotel-yozgat\/kutay-hotel-bogazliyan-yozgat-5\/\"},{\"id\":14,\"title\":\"KUTAY HOTEL \\u0026amp; Bo\u011fazl\u0131yan\/Yozgat\",\"url\":\"https:\/\/creatrisdesign.com\/web-site-hizmetleri\/kutay-hotel-yozgat\/wp-content\/uploads\/2025\/10\/kutay-hotel-bogazliyan-yozgat-6.jpg\",\"link\":\"https:\/\/creatrisdesign.com\/web-site-hizmetleri\/kutay-hotel-yozgat\/kutay-hotel-bogazliyan-yozgat-6\/\",\"alt\":\"kutay-hotel-bogazliyan-yozgat\",\"description\":\"\",\"caption\":\"\",\"mime\":\"image\/jpeg\",\"type\":\"image\",\"width\":700,\"height\":700,\"sizes\":{\"thumbnail\":{\"height\":150,\"width\":150,\"url\":\"https:\/\/creatrisdesign.com\/web-site-hizmetleri\/kutay-hotel-yozgat\/wp-content\/uploads\/2025\/10\/kutay-hotel-bogazliyan-yozgat-6-150x150.jpg\",\"orientation\":\"landscape\"},\"medium\":{\"height\":300,\"width\":300,\"url\":\"https:\/\/creatrisdesign.com\/web-site-hizmetleri\/kutay-hotel-yozgat\/wp-content\/uploads\/2025\/10\/kutay-hotel-bogazliyan-yozgat-6-300x300.jpg\",\"orientation\":\"landscape\"},\"full\":{\"url\":\"https:\/\/creatrisdesign.com\/web-site-hizmetleri\/kutay-hotel-yozgat\/wp-content\/uploads\/2025\/10\/kutay-hotel-bogazliyan-yozgat-6.jpg\",\"height\":700,\"width\":700,\"orientation\":\"landscape\"}},\"imageMeta\":{\"aperture\":\"0\",\"credit\":\"\",\"camera\":\"\",\"caption\":\"\",\"created_timestamp\":\"0\",\"copyright\":\"\",\"focal_length\":\"0\",\"iso\":\"0\",\"shutter_speed\":\"0\",\"title\":\"\",\"orientation\":\"1\",\"keywords\":[]},\"meta\":false,\"postlink\":\"https:\/\/creatrisdesign.com\/web-site-hizmetleri\/kutay-hotel-yozgat\/kutay-hotel-bogazliyan-yozgat-6\/\"},{\"id\":15,\"title\":\"KUTAY HOTEL \\u0026amp; Bo\u011fazl\u0131yan\/Yozgat\",\"url\":\"https:\/\/creatrisdesign.com\/web-site-hizmetleri\/kutay-hotel-yozgat\/wp-content\/uploads\/2025\/10\/kutay-hotel-bogazliyan-yozgat-7.jpg\",\"link\":\"https:\/\/creatrisdesign.com\/web-site-hizmetleri\/kutay-hotel-yozgat\/kutay-hotel-bogazliyan-yozgat-7\/\",\"alt\":\"kutay-hotel-bogazliyan-yozgat\",\"description\":\"\",\"caption\":\"\",\"mime\":\"image\/jpeg\",\"type\":\"image\",\"width\":1024,\"height\":768,\"sizes\":{\"thumbnail\":{\"height\":150,\"width\":150,\"url\":\"https:\/\/creatrisdesign.com\/web-site-hizmetleri\/kutay-hotel-yozgat\/wp-content\/uploads\/2025\/10\/kutay-hotel-bogazliyan-yozgat-7-150x150.jpg\",\"orientation\":\"landscape\"},\"medium\":{\"height\":225,\"width\":300,\"url\":\"https:\/\/creatrisdesign.com\/web-site-hizmetleri\/kutay-hotel-yozgat\/wp-content\/uploads\/2025\/10\/kutay-hotel-bogazliyan-yozgat-7-300x225.jpg\",\"orientation\":\"landscape\"},\"full\":{\"url\":\"https:\/\/creatrisdesign.com\/web-site-hizmetleri\/kutay-hotel-yozgat\/wp-content\/uploads\/2025\/10\/kutay-hotel-bogazliyan-yozgat-7.jpg\",\"height\":768,\"width\":1024,\"orientation\":\"landscape\"}},\"imageMeta\":{\"aperture\":\"0\",\"credit\":\"\",\"camera\":\"\",\"caption\":\"\",\"created_timestamp\":\"0\",\"copyright\":\"\",\"focal_length\":\"0\",\"iso\":\"0\",\"shutter_speed\":\"0\",\"title\":\"\",\"orientation\":\"1\",\"keywords\":[]},\"meta\":false,\"postlink\":\"https:\/\/creatrisdesign.com\/web-site-hizmetleri\/kutay-hotel-yozgat\/kutay-hotel-bogazliyan-yozgat-7\/\"},{\"id\":16,\"title\":\"KUTAY HOTEL \\u0026amp; Bo\u011fazl\u0131yan\/Yozgat\",\"url\":\"https:\/\/creatrisdesign.com\/web-site-hizmetleri\/kutay-hotel-yozgat\/wp-content\/uploads\/2025\/10\/kutay-hotel-bogazliyan-yozgat-8.jpg\",\"link\":\"https:\/\/creatrisdesign.com\/web-site-hizmetleri\/kutay-hotel-yozgat\/kutay-hotel-bogazliyan-yozgat-8\/\",\"alt\":\"kutay-hotel-bogazliyan-yozgat\",\"description\":\"\",\"caption\":\"\",\"mime\":\"image\/jpeg\",\"type\":\"image\",\"width\":1024,\"height\":768,\"sizes\":{\"thumbnail\":{\"height\":150,\"width\":150,\"url\":\"https:\/\/creatrisdesign.com\/web-site-hizmetleri\/kutay-hotel-yozgat\/wp-content\/uploads\/2025\/10\/kutay-hotel-bogazliyan-yozgat-8-150x150.jpg\",\"orientation\":\"landscape\"},\"medium\":{\"height\":225,\"width\":300,\"url\":\"https:\/\/creatrisdesign.com\/web-site-hizmetleri\/kutay-hotel-yozgat\/wp-content\/uploads\/2025\/10\/kutay-hotel-bogazliyan-yozgat-8-300x225.jpg\",\"orientation\":\"landscape\"},\"full\":{\"url\":\"https:\/\/creatrisdesign.com\/web-site-hizmetleri\/kutay-hotel-yozgat\/wp-content\/uploads\/2025\/10\/kutay-hotel-bogazliyan-yozgat-8.jpg\",\"height\":768,\"width\":1024,\"orientation\":\"landscape\"}},\"imageMeta\":{\"aperture\":\"0\",\"credit\":\"\",\"camera\":\"\",\"caption\":\"\",\"created_timestamp\":\"0\",\"copyright\":\"\",\"focal_length\":\"0\",\"iso\":\"0\",\"shutter_speed\":\"0\",\"title\":\"\",\"orientation\":\"1\",\"keywords\":[]},\"meta\":false,\"postlink\":\"https:\/\/creatrisdesign.com\/web-site-hizmetleri\/kutay-hotel-yozgat\/kutay-hotel-bogazliyan-yozgat-8\/\"},{\"id\":17,\"title\":\"KUTAY HOTEL \\u0026amp; Bo\u011fazl\u0131yan\/Yozgat\",\"url\":\"https:\/\/creatrisdesign.com\/web-site-hizmetleri\/kutay-hotel-yozgat\/wp-content\/uploads\/2025\/10\/kutay-hotel-bogazliyan-yozgat-9.jpg\",\"link\":\"https:\/\/creatrisdesign.com\/web-site-hizmetleri\/kutay-hotel-yozgat\/kutay-hotel-bogazliyan-yozgat-9\/\",\"alt\":\"kutay-hotel-bogazliyan-yozgat\",\"description\":\"\",\"caption\":\"\",\"mime\":\"image\/jpeg\",\"type\":\"image\",\"width\":1400,\"height\":800,\"sizes\":{\"thumbnail\":{\"height\":150,\"width\":150,\"url\":\"https:\/\/creatrisdesign.com\/web-site-hizmetleri\/kutay-hotel-yozgat\/wp-content\/uploads\/2025\/10\/kutay-hotel-bogazliyan-yozgat-9-150x150.jpg\",\"orientation\":\"landscape\"},\"medium\":{\"height\":171,\"width\":300,\"url\":\"https:\/\/creatrisdesign.com\/web-site-hizmetleri\/kutay-hotel-yozgat\/wp-content\/uploads\/2025\/10\/kutay-hotel-bogazliyan-yozgat-9-300x171.jpg\",\"orientation\":\"landscape\"},\"large\":{\"height\":585,\"width\":1024,\"url\":\"https:\/\/creatrisdesign.com\/web-site-hizmetleri\/kutay-hotel-yozgat\/wp-content\/uploads\/2025\/10\/kutay-hotel-bogazliyan-yozgat-9-1024x585.jpg\",\"orientation\":\"landscape\"},\"full\":{\"url\":\"https:\/\/creatrisdesign.com\/web-site-hizmetleri\/kutay-hotel-yozgat\/wp-content\/uploads\/2025\/10\/kutay-hotel-bogazliyan-yozgat-9.jpg\",\"height\":800,\"width\":1400,\"orientation\":\"landscape\"}},\"imageMeta\":{\"aperture\":\"0\",\"credit\":\"\",\"camera\":\"\",\"caption\":\"\",\"created_timestamp\":\"0\",\"copyright\":\"\",\"focal_length\":\"0\",\"iso\":\"0\",\"shutter_speed\":\"0\",\"title\":\"\",\"orientation\":\"1\",\"keywords\":[]},\"meta\":false,\"postlink\":\"https:\/\/creatrisdesign.com\/web-site-hizmetleri\/kutay-hotel-yozgat\/kutay-hotel-bogazliyan-yozgat-9\/\"},{\"id\":18,\"title\":\"KUTAY HOTEL \\u0026amp; Bo\u011fazl\u0131yan\/Yozgat\",\"url\":\"https:\/\/creatrisdesign.com\/web-site-hizmetleri\/kutay-hotel-yozgat\/wp-content\/uploads\/2025\/10\/kutay-hotel-bogazliyan-yozgat-10.jpg\",\"link\":\"https:\/\/creatrisdesign.com\/web-site-hizmetleri\/kutay-hotel-yozgat\/kutay-hotel-bogazliyan-yozgat-10\/\",\"alt\":\"kutay-hotel-bogazliyan-yozgat\",\"description\":\"\",\"caption\":\"\",\"mime\":\"image\/jpeg\",\"type\":\"image\",\"width\":1024,\"height\":768,\"sizes\":{\"thumbnail\":{\"height\":150,\"width\":150,\"url\":\"https:\/\/creatrisdesign.com\/web-site-hizmetleri\/kutay-hotel-yozgat\/wp-content\/uploads\/2025\/10\/kutay-hotel-bogazliyan-yozgat-10-150x150.jpg\",\"orientation\":\"landscape\"},\"medium\":{\"height\":225,\"width\":300,\"url\":\"https:\/\/creatrisdesign.com\/web-site-hizmetleri\/kutay-hotel-yozgat\/wp-content\/uploads\/2025\/10\/kutay-hotel-bogazliyan-yozgat-10-300x225.jpg\",\"orientation\":\"landscape\"},\"full\":{\"url\":\"https:\/\/creatrisdesign.com\/web-site-hizmetleri\/kutay-hotel-yozgat\/wp-content\/uploads\/2025\/10\/kutay-hotel-bogazliyan-yozgat-10.jpg\",\"height\":768,\"width\":1024,\"orientation\":\"landscape\"}},\"imageMeta\":{\"aperture\":\"0\",\"credit\":\"\",\"camera\":\"\",\"caption\":\"\",\"created_timestamp\":\"0\",\"copyright\":\"\",\"focal_length\":\"0\",\"iso\":\"0\",\"shutter_speed\":\"0\",\"title\":\"\",\"orientation\":\"1\",\"keywords\":[]},\"meta\":false,\"postlink\":\"https:\/\/creatrisdesign.com\/web-site-hizmetleri\/kutay-hotel-yozgat\/kutay-hotel-bogazliyan-yozgat-10\/\"}],\"sliderCaptionSrc\":\"title\",\"itemsMetaDataCollection\":[]}<\/script><script>(function(){if(window.PGC_SGB && window.PGC_SGB.searcher){window.PGC_SGB.searcher.initBlocks()}})()<\/script><\/div>","protected":false},"excerpt":{"rendered":"<p>ODA SERV\u0130S\u0130 RESTAURANT<\/p>\n","protected":false},"author":1,"featured_media":0,"parent":0,"menu_order":0,"comment_status":"closed","ping_status":"closed","template":"","meta":{"pgc_sgb_lightbox_settings":"","footnotes":""},"class_list":["post-67","page","type-page","status-publish","hentry"],"_links":{"self":[{"href":"https:\/\/creatrisdesign.com\/web-site-hizmetleri\/kutay-hotel-yozgat\/wp-json\/wp\/v2\/pages\/67","targetHints":{"allow":["GET"]}}],"collection":[{"href":"https:\/\/creatrisdesign.com\/web-site-hizmetleri\/kutay-hotel-yozgat\/wp-json\/wp\/v2\/pages"}],"about":[{"href":"https:\/\/creatrisdesign.com\/web-site-hizmetleri\/kutay-hotel-yozgat\/wp-json\/wp\/v2\/types\/page"}],"author":[{"embeddable":true,"href":"https:\/\/creatrisdesign.com\/web-site-hizmetleri\/kutay-hotel-yozgat\/wp-json\/wp\/v2\/users\/1"}],"replies":[{"embeddable":true,"href":"https:\/\/creatrisdesign.com\/web-site-hizmetleri\/kutay-hotel-yozgat\/wp-json\/wp\/v2\/comments?post=67"}],"version-history":[{"count":0,"href":"https:\/\/creatrisdesign.com\/web-site-hizmetleri\/kutay-hotel-yozgat\/wp-json\/wp\/v2\/pages\/67\/revisions"}],"wp:attachment":[{"href":"https:\/\/creatrisdesign.com\/web-site-hizmetleri\/kutay-hotel-yozgat\/wp-json\/wp\/v2\/media?parent=67"}],"curies":[{"name":"wp","href":"https:\/\/api.w.org\/{rel}","templated":true}]}}